 of 617865876.
2, 3, 2699, 6359
List the prime factors of 59981819.
59, 1016641
List the prime factors of 35717497.
35717497
What are the prime factors of 253737385?
5, 11, 29, 257, 619
What are the prime factors of 107187749?
601, 178349
What are the prime factors of 199223578?
2, 17, 383, 15299
List the prime factors of 2515508751.
3, 7, 17, 37, 5147
List the prime factors of 95903765.
5, 53, 361901
What are the prime factors of 65742018?
2, 3, 61, 179623
List the prime factors of 152382201.
3, 4003, 12689
What are the prime factors of 402067424?
2, 11, 1142237
What are the prime factors of 3521434469?
7, 503062067
What are the prime factors of 10546414?
2, 269, 19603
What are the prime factors of 3423370099?
14153, 241883
What are the prime factors of 17663908?
2, 23, 191999
What are the prime factors of 1709272900?
2, 5, 509, 33581
What are the prime factors of 181275348?
2, 3, 281, 53759
List the prime factors of 2217902593.
2217902593
What are the prime factors of 241551819?
3, 23, 163, 7159
What are the prime factors of 36372491?
67, 542873
What are the prime factors of 105891563?
23, 4603981
What are the prime factors of 133863648?
2, 3, 1394413
What are the prime factors of 1091015836?
2, 9011, 30269
What are the prime factors of 611692602?
2, 3, 281, 461, 787
What are the prime factors of 109335269?
337, 324437
What are the prime factors of 213480141?
3, 7, 10165721
List the prime factors of 16643609.
16643609
List the prime factors of 2089703271.
3, 696567757
What are the prime factors of 676668234?
2, 3, 11, 23, 19381
List the prime factors of 102164947.
43, 2375929
List the prime factors of 553160555.
5, 83, 1332917
What are the prime factors of 451705643?
451705643
List the prime factors of 3392218489.
11, 308383499
List the prime factors of 844114038.
2, 3, 73, 997, 1933
List the prime factors of 47292619.
11, 4299329
What are the prime factors of 3778637?
3778637
List the prime factors of 72938514.
2, 3, 11, 59, 18731
List the prime factors of 39799365.
3, 5, 47, 56453
What are the prime factors of 501513467?
7, 13, 5511137
What are the prime factors of 1807656606?
2, 3, 7, 14346481
What are the prime factors of 1838187732?
2, 3, 7907, 19373
List the prime factors of 1008480168.
2, 3, 14006669
What are the prime factors of 941576614?
2, 11, 137, 312401
What are the prime factors of 1326601785?
3, 5, 3989, 22171
List the prime factors of 538145831.
538145831
What are the prime factors of 1247870170?
2, 5, 1039, 120103
What are the prime factors of 229549220?
2, 5, 11477461
List the prime factors of 67990579.
67990579
What are the prime factors of 602850001?
13, 46373077
List the prime factors of 132055835.
5, 2039, 12953
What are the prime factors of 1636505680?
2, 5, 17, 241, 4993
What are the prime factors of 144808372?
2, 167, 216779
List the prime factors of 248463419.
31, 8014949
What are the prime factors of 2978839421?
1009, 2952269
List the prime factors of 375746967.
3, 101, 353, 1171
What are the prime factors of 1466117951?
25657, 57143
List the prime factors of 3425315900.
2, 5, 929, 36871
List the prime factors of 132626626.
2, 11, 6028483
List the prime factors of 3319573209.
3, 4643, 238321
What are the prime factors of 4688545106?
2, 7, 127, 449, 839
What are the prime factors of 3550986?
2, 3, 19, 3461
What are the prime factors of 1984427574?
2, 3, 67, 1423, 3469
What are the prime factors of 242427386?
2, 271, 347, 1289
List the prime factors of 59337259.
17, 3490427
List the prime factors of 1976265957.
3, 658755319
List the prime factors of 2357628157.
1759, 1340323
List the prime factors of 81220529.
13, 6247733
List the prime factors of 36037833.
3, 13, 163, 5669
List the prime factors of 211941735.
3, 5, 37, 10321
List the prime factors of 30554653.
47, 650099
What are the prime factors of 6205702877?
11, 67, 8420221
List the prime factors of 3663574315.
5, 733, 999611
What are the prime factors of 48571584?
2, 3, 17, 23, 647
List the prime factors of 75643414.
2, 7, 11, 89, 5519
List the prime factors of 35898680.
2, 5, 897467
List the prime factors of 614784599.
11, 13, 1667, 2579
What are the prime factors of 1020332608?
2, 673, 23689
List the prime factors of 21627895.
5, 4325579
What are the prime factors of 148886002?
2, 37, 2011973
What are the prime factors of 2270685783?
3, 2179, 347359
What are the prime factors of 282303241?
11, 17, 1509643
What are the prime factors of 64552086?
2, 3, 29, 41221
List the prime factors of 431630903.
11, 23, 41, 41611
List the prime factors of 52695150.
2, 3, 5, 351301
List the prime factors of 985745115.
3, 5, 43, 509429
What are the prime factors of 678116671?
41, 103, 1559
What are the prime factors of 61612784?
2, 619, 6221
List the prime factors of 429052920.
2, 3, 5, 3575441
List the prime factors of 840040090.
2, 5, 397, 211597
List the prime factors of 255789207.
3, 941, 30203
List the prime factors of 526826231.
526826231
List the prime factors of 65598925.
5, 7, 19, 109, 181
List the prime factors of 61253813.
751, 81563
What are the prime factors of 594356152?
2, 13, 5714963
What are the prime factors of 4496884684?
2, 71, 131, 120871
List the prime factors of 345975991.
345975991
List the prime factors of 500504997.
3, 29, 487, 11813
What are the prime factors of 1732782700?
2, 5, 11, 83, 18979
List the prime factors of 182517080.
2, 5, 227, 20101
What are the prime factors of 236771107?
236771107
What are the prime factors of 1603511945?
5, 7, 239, 191693
What are the prime factors of 393461663?
7, 37, 967, 1571
List the prime factors of 9308139300.
2, 3, 5, 383051
What are the prime factors of 395900676?
2, 3, 3665747
What are the prime factors of 36598179?
3, 12199393
What are the prime factors of 378871234?
2, 7, 3866033
What are the prime factors of 103887660?
2, 3, 5, 331, 5231
What are the prime factors of 33494494?
2, 11, 138407
What are the prime factors of 81302702?
2, 13, 487, 6421
List the prime factors of 121954221.
3, 4516823
What are the prime factors of 758218201?
13, 479, 121763
List the prime factors of 6025480878.
2, 3, 1004246813
List the prime factors of 1546294260.
2, 3, 5, 7, 31, 113, 1051
What are the prime factors of 6144765416?
2, 283, 857, 3167
What are the prime factors of 592262024?
2, 74032753
What are the prime factors of 628416652?
2, 251, 625913
List the prime factors of 438924126.
2, 3, 73154021
List the prime factors of 79064822.
2, 233, 169667
List the prime factors of 326024882.
2, 43, 1031, 3677
List the prime factors of 82357945.
5, 17, 968917
List the prime factors of 51574278.
2, 3, 7, 457, 2687
List the prime factors of 784855739.
29, 27063991
List the prime factors of 3314584801.
11, 37, 1093, 7451
List the prime factors of 79524791.
3739, 21269
What are the prime factors of 944801692?
2, 59, 4003397
What are the prime factors of 300803096?
2, 11, 310747
List the prime factors of 656144134.
2, 53, 89, 157, 443
What are the prime factors of 375558454?
2, 7949, 23623
What are the prime factors of 2465949353?
7, 50325497
List the prime factors of 58596024.
2, 3, 751, 3251
List the prime factors of 236503420.
2, 5, 11825171
List the prime factors of 28736936.
2, 17, 23, 9187
What are the prime factors of 1135616655?
3, 5, 29, 2610613
List the prime factors of 2337766763.
29, 941, 85667
What are the prime factors of 76830557?
23, 3340459
List the prime factors of 178505602.
2, 11, 179, 45329
List the prime factors of 279153621.
3, 3446341
List the prime factors of 12260694.
2, 3, 2043449
What are the prime factors of 73548257?
73548257
List the prime factors of 2964986.
2, 59, 25127
List the prime factors of 39094817.
39094817
List the prime factors of 6092381576.
2, 1259, 604883
What are the prime factors of 556949488?
2, 34809343
List the prime factors of 64107390.
2, 3, 5, 2136913
List the prime factors of 299292835.
5, 59858567
List the prime factors of 5114176247.
23, 157, 1416277
What are the prime factors of 103285668?
2, 3, 8607139
List the prime factors of 974201706.
2, 3, 19, 751, 3793
List the prime factors of 20082431.
83, 131, 1847
List the prime factors of 163956451.
5119, 32029
List the prime factors of 49797199.
17, 71, 41257
List the prime factors of 3114799837.
3114799837
List the prime fact